{"id":24,"date":"2016-12-05T19:12:58","date_gmt":"2016-12-05T18:12:58","guid":{"rendered":"http:\/\/www.ski-club-wissen.de\/wordpress\/?page_id=24"},"modified":"2026-01-31T06:27:03","modified_gmt":"2026-01-31T05:27:03","slug":"startseite","status":"publish","type":"page","link":"https:\/\/www.ski-club-wissen.de\/wordpress\/","title":{"rendered":"Startseite"},"content":{"rendered":"<p>&nbsp;<\/p>\n\n<table id=\"tablepress-4\" class=\"tablepress tablepress-id-4\">\n<tbody class=\"row-hover\">\n<tr class=\"row-1\">\n\t<td class=\"column-1\"><img loading=\"lazy\" decoding=\"async\" src=\"https:\/\/www.ski-club-wissen.de\/wordpress\/wp-content\/uploads\/2016\/12\/favicon-iphone.png\" alt=\"\" width=\"25\" height=\"25\" class=\"alignnone size-full wp-image-49\" \/><\/td><td class=\"column-2\">03.05.2026<br \/>\nSaisoner\u00f6ffnung Bikepark<\/td><td class=\"column-3\"><\/td>\n<\/tr>\n<tr class=\"row-2\">\n\t<td class=\"column-1\"><img loading=\"lazy\" decoding=\"async\" src=\"https:\/\/www.ski-club-wissen.de\/wordpress\/wp-content\/uploads\/2016\/12\/favicon-iphone.png\" alt=\"\" width=\"25\" height=\"25\" class=\"alignnone size-full wp-image-49\" \/><\/td><td class=\"column-2\">09.05.2026<br \/>\nMai-Wanderung<br \/>\n<\/td><td class=\"column-3\">Treffpunkt: Parkplatz \u201ePlatz des Wissener Jahrmarktes\u201c,<\/td>\n<\/tr>\n<tr class=\"row-3\">\n\t<td class=\"column-1\"><img loading=\"lazy\" decoding=\"async\" src=\"https:\/\/www.ski-club-wissen.de\/wordpress\/wp-content\/uploads\/2016\/12\/favicon-iphone.png\" alt=\"\" width=\"25\" height=\"25\" class=\"alignnone size-full wp-image-49\" \/><\/td><td class=\"column-2\">15.05.2026<br \/>\nVereinsfahrt Biker nach Bikepark Greenhill<\/td><td class=\"column-3\">Nur f\u00fcr Vereinsmitglieder<br \/>\nAnmeldung unf Info \u00fcber info@bikepark-wissen.de<\/td>\n<\/tr>\n<tr class=\"row-4\">\n\t<td class=\"column-1\"><img loading=\"lazy\" decoding=\"async\" src=\"https:\/\/www.ski-club-wissen.de\/wordpress\/wp-content\/uploads\/2016\/12\/favicon-iphone.png\" alt=\"\" width=\"25\" height=\"25\" class=\"alignnone size-full wp-image-49\" \/><\/td><td class=\"column-2\">21.05.2026<br \/>\nAfterwork-Treff in der Brandeck-H\u00fctte<\/td><td class=\"column-3\">Der Afterwork-Treff ist bekannt f\u00fcr seine entspannte Atmosph\u00e4re und das gesellige Beisammensein ohne festes Programm. Hier k\u00f6nnen G\u00e4ste den Feierabend in gem\u00fctlicher Runde genie\u00dfen, sich austauschen und die sch\u00f6ne Umgebung rund um die Brandeck-H\u00fctte erleben. <br \/>\nF\u00fcr das leibliche Wohl ist bestens gesorgt. <\/td>\n<\/tr>\n<tr class=\"row-5\">\n\t<td class=\"column-1\"><img loading=\"lazy\" decoding=\"async\" src=\"https:\/\/www.ski-club-wissen.de\/wordpress\/wp-content\/uploads\/2016\/12\/favicon-iphone.png\" alt=\"\" width=\"25\" height=\"25\" class=\"alignnone size-full wp-image-49\" \/><\/td><td class=\"column-2\">04.07.2026<br \/>\nWerksfest, Runde 2<\/td><td class=\"column-3\">Gemeinsam mit unserem Partner SCHANZENWERK geht unser beliebtes Werksfest in die zweite Runde. Freut euch auf spektakul\u00e4re Tricks von Profi-Fahrern und verschiedene Wettbewerbsformate, die f\u00fcr G\u00e4nsehaut-Momente sorgen werden<\/td>\n<\/tr>\n<tr class=\"row-6\">\n\t<td class=\"column-1\"><img loading=\"lazy\" decoding=\"async\" src=\"https:\/\/www.ski-club-wissen.de\/wordpress\/wp-content\/uploads\/2016\/12\/favicon-iphone.png\" alt=\"\" width=\"25\" height=\"25\" class=\"alignnone size-full wp-image-49\" \/><\/td><td class=\"column-2\">23.08.2026<br \/>\nWesterw\u00e4lder Enduro 3 Cup<\/td><td class=\"column-3\">Der Bikepark Wissen ist stolzer Auftakt-Austragungsort einer brandneuen, dreiteiligen Rennserie im Westerwald. Wer Rennluft schnuppern oder selbst in die Pedale treten m\u00f6chte, ist hier genau richtig.<\/td>\n<\/tr>\n<\/tbody>\n<\/table>\n<!-- #tablepress-4 from cache -->\n<p>&nbsp;<\/p>\n","protected":false},"excerpt":{"rendered":"<p>&nbsp; &nbsp;<\/p>\n","protected":false},"author":1,"featured_media":0,"parent":0,"menu_order":4,"comment_status":"closed","ping_status":"closed","template":"","meta":{"ngg_post_thumbnail":0,"footnotes":""},"class_list":["post-24","page","type-page","status-publish","hentry"],"_links":{"self":[{"href":"https:\/\/www.ski-club-wissen.de\/wordpress\/wp-json\/wp\/v2\/pages\/24","targetHints":{"allow":["GET"]}}],"collection":[{"href":"https:\/\/www.ski-club-wissen.de\/wordpress\/wp-json\/wp\/v2\/pages"}],"about":[{"href":"https:\/\/www.ski-club-wissen.de\/wordpress\/wp-json\/wp\/v2\/types\/page"}],"author":[{"embeddable":true,"href":"https:\/\/www.ski-club-wissen.de\/wordpress\/wp-json\/wp\/v2\/users\/1"}],"replies":[{"embeddable":true,"href":"https:\/\/www.ski-club-wissen.de\/wordpress\/wp-json\/wp\/v2\/comments?post=24"}],"version-history":[{"count":225,"href":"https:\/\/www.ski-club-wissen.de\/wordpress\/wp-json\/wp\/v2\/pages\/24\/revisions"}],"predecessor-version":[{"id":4173,"href":"https:\/\/www.ski-club-wissen.de\/wordpress\/wp-json\/wp\/v2\/pages\/24\/revisions\/4173"}],"wp:attachment":[{"href":"https:\/\/www.ski-club-wissen.de\/wordpress\/wp-json\/wp\/v2\/media?parent=24"}],"curies":[{"name":"wp","href":"https:\/\/api.w.org\/{rel}","templated":true}]}}