{"id":130,"date":"2016-12-06T10:51:43","date_gmt":"2016-12-06T09:51:43","guid":{"rendered":"http:\/\/www.ski-club-wissen.de\/wordpress\/?page_id=130"},"modified":"2019-09-16T20:27:15","modified_gmt":"2019-09-16T18:27:15","slug":"jahrmarktslauf","status":"publish","type":"page","link":"https:\/\/www.ski-club-wissen.de\/wordpress\/jahrmarktslauf\/","title":{"rendered":"Jahrmarktslauf 2019"},"content":{"rendered":"<p><strong>17. Wissener Jahrmarktslauf<br \/>\n<\/strong>DAS TOP-LAUFEVENT AN DER SIEG<\/p>\n<p><img loading=\"lazy\" decoding=\"async\" class=\"alignright wp-image-214 size-full\" src=\"http:\/\/www.ski-club-wissen.de\/wordpress\/wp-content\/uploads\/2016\/12\/logo-jahrmarktslauf-1.jpg\" alt=\"\" width=\"287\" height=\"269\"><strong>Samstag 21.09.2019<\/strong><br \/>\nWissen-Stadtmitte<\/p>\n<p><em><strong>Info: Das <span style=\"color: #800000;\">Anmeldeportal<\/span> f\u00fcr den Lauf 2019 finden Sie hier:<br \/>\n<\/strong><\/em><a href=\"https:\/\/www.ausdauer57.de\/wissen\/\" target=\"_blank\" rel=\"noopener noreferrer\"><strong>&gt; Anmeldung Jahrmarktslauf 2019 (\u00f6ffnet in neuen Fenster)<\/strong><\/a><\/p>\n<p><em><strong><span style=\"color: #800000;\">Startgeb\u00fchren<\/span>:<\/strong><\/em><br \/>\n300 m Bambini: kostenlos<br \/>\n1.000 m Sch\u00fcler-\/innen 3.- \u20ac<br \/>\n4.100 m Run and Fun Lauf, Walking Nordic, Walking: 6,- \u20ac<br \/>\n10.000 m Hauptlauf: 8,- \u20ac<\/p>\n<p><span style=\"color: #800000;\"><strong>Folgendes Konto f\u00fcr \u00dcberweisungen:<\/strong><\/span><br \/>\nWesterwald Bank eG<br \/>\nIBAN : DE 24 5739 1800 0098 0806 00<br \/>\nBic GENODE51WW1,<br \/>\n<strong><span style=\"color: #800000;\">Verwendungszweck: Jahrmarktslauf 2019<\/span><\/strong><\/p>\n<p><strong>Informationen zum Jahrmarktslauf 2019 :<\/strong><\/p>\n<p><strong>Altersklassen und Wertungen:<\/strong><\/p>\n<p><strong>Cup Klasseneinteilung (Sch\u00fcler):<br \/>\n<\/strong>M\u00e4nnl.\/Weibl. U16 (Sch\u00fcler\/innen A) (Jg.04\/05)<br \/>\nM\u00e4nnl.\/Weibl. U14 (Sch\u00fcler\/innen B) (Jg.06\/07)<br \/>\nM\u00e4nnl.\/Weibl. U12 (Sch\u00fcler\/innen C) (Jg.08\/09)<br \/>\nM\u00e4nnl.\/Weibl. U10 (Sch\u00fcler\/innen D) (Jg. 10&nbsp;&amp; j\u00fcnger)<br \/>\nDie Klasse U8 entf\u00e4llt in 2019.<\/p>\n<p>Bambini sind alle Kinder die bis zum Jahrmarktslauf 2019 noch nicht eingeschult sind.<\/p>\n<p><strong>Cup-Klasseneinteilung:<br \/>\n<\/strong>M\u00e4nnl. U18 (MJB) \/ M\u00e4nnl. U20 (MJA) \/ M\u00e4nner MHK<br \/>\n\/ M30 \/ M35 \/ M40 \/ M45 \/ M50 \/ M55 \/ M60 \/ M65\/ M70 und \u00e4lter<\/p>\n<p>Weibl.U18 (WJB) \/ Weibl.U20 (WJA) \/ Frauen WHK \/<br \/>\nW30 \/ W35 \/ W40 \/ W45 \/ W50 \/ W55 \/ W60 und \u00e4lter<\/p>\n<p>Die Cup Klassen m\u00e4nnl. und weibl. U18 werden bei den 4 km (Wissen), 5 km und 6 km L\u00e4ufen gewertet.<\/p>\n<p>(M\u00f6chte ein U18 L\u00e4ufer\/in bei den langen Strecken starten, so wird er in der Klasse U20 gewertet.)<\/p>\n<p><strong>Startzeiten:<\/strong><br \/>\nSch\u00fcler 1.000 m: 13.30 Uhr<br \/>\nBambini 300 m (keine Schulkinder) : 13.45 Uhr<br \/>\n&#8222;Run &amp; Fun&#8220; -Lauf und<br \/>\nWalking\/Nordic Walking 4.100 m: 14.00 Uhr.<br \/>\nHauptlauf 10.000 m: 15.00 Uhr.<\/p>\n<p><strong>Umkleide\/Duschen:<\/strong><br \/>\nTurnhalle Grundschule,<br \/>\n150 m von Start und Ziel entfernt<\/p>\n<p><strong>Rahmenprogramm:<\/strong><br \/>\nDie Laufveranstaltung wird im Rahmen des traditionellen Jahrmarktes der Kath. Jugend Wissen durchgef\u00fchrt<br \/>\nund unterst\u00fctzt das 50. Jahrmarkts-Projekt.<\/p>\n<p><strong>Start und Ziel:<\/strong> in der unmittelbaren N\u00e4he des Rathauses Wissen.<\/p>\n<p><strong>Strecke:<\/strong> schneller, fast flacher Rundkurs durch die Innenstadt<\/p>\n<p><strong>Auszeichnung:<\/strong> Urkunden f\u00fcr alle Teilnehmer.<\/p>\n<p>Der Jahrmarktslauf ist eine von 10 Veranstaltungen des Ausdauer-Cup 2019.<\/p>\n<p>Infos zum Jahrmarkt der kath. Jugend Wissen unter:<br \/>\n<a href=\"http:\/\/www.jahrmarkt-wissen.de\" target=\"_blank\" rel=\"noopener noreferrer\">www.jahrmarkt-wissen.de<\/a><\/p>\n<p>Ergebnisse unter <a href=\"http:\/\/www.ausdauer57.de\" target=\"_blank\" rel=\"noopener noreferrer\">www.ausdauer57.de<\/a><\/p>\n<p><img loading=\"lazy\" decoding=\"async\" class=\"alignnone wp-image-3317\" src=\"https:\/\/www.ski-club-wissen.de\/wordpress\/wp-content\/uploads\/2019\/08\/Jahrmarktslauf-Flyer-Seite-2-2019-300x152.jpg\" alt=\"\" width=\"827\" height=\"419\" srcset=\"https:\/\/www.ski-club-wissen.de\/wordpress\/wp-content\/uploads\/2019\/08\/Jahrmarktslauf-Flyer-Seite-2-2019-300x152.jpg 300w, https:\/\/www.ski-club-wissen.de\/wordpress\/wp-content\/uploads\/2019\/08\/Jahrmarktslauf-Flyer-Seite-2-2019-768x390.jpg 768w, https:\/\/www.ski-club-wissen.de\/wordpress\/wp-content\/uploads\/2019\/08\/Jahrmarktslauf-Flyer-Seite-2-2019-1024x520.jpg 1024w\" sizes=\"auto, (max-width: 827px) 100vw, 827px\" \/><\/p>\n<p>&nbsp;<\/p>\n","protected":false},"excerpt":{"rendered":"<p>17. Wissener Jahrmarktslauf DAS TOP-LAUFEVENT AN DER SIEG Samstag 21.09.2019 Wissen-Stadtmitte Info: Das Anmeldeportal f\u00fcr den Lauf 2019 finden Sie hier: &gt; Anmeldung Jahrmarktslauf 2019 (\u00f6ffnet in neuen Fenster) Startgeb\u00fchren: 300 m Bambini: kostenlos 1.000 m Sch\u00fcler-\/innen 3.- \u20ac 4.100 m Run and Fun Lauf, Walking Nordic, Walking: 6,- \u20ac 10.000 m Hauptlauf: 8,- \u20ac&#8230;<\/p>\n","protected":false},"author":1,"featured_media":0,"parent":0,"menu_order":17,"comment_status":"closed","ping_status":"closed","template":"","meta":{"ngg_post_thumbnail":0,"footnotes":""},"class_list":["post-130","page","type-page","status-publish","hentry"],"_links":{"self":[{"href":"https:\/\/www.ski-club-wissen.de\/wordpress\/wp-json\/wp\/v2\/pages\/130","targetHints":{"allow":["GET"]}}],"collection":[{"href":"https:\/\/www.ski-club-wissen.de\/wordpress\/wp-json\/wp\/v2\/pages"}],"about":[{"href":"https:\/\/www.ski-club-wissen.de\/wordpress\/wp-json\/wp\/v2\/types\/page"}],"author":[{"embeddable":true,"href":"https:\/\/www.ski-club-wissen.de\/wordpress\/wp-json\/wp\/v2\/users\/1"}],"replies":[{"embeddable":true,"href":"https:\/\/www.ski-club-wissen.de\/wordpress\/wp-json\/wp\/v2\/comments?post=130"}],"version-history":[{"count":59,"href":"https:\/\/www.ski-club-wissen.de\/wordpress\/wp-json\/wp\/v2\/pages\/130\/revisions"}],"predecessor-version":[{"id":3341,"href":"https:\/\/www.ski-club-wissen.de\/wordpress\/wp-json\/wp\/v2\/pages\/130\/revisions\/3341"}],"wp:attachment":[{"href":"https:\/\/www.ski-club-wissen.de\/wordpress\/wp-json\/wp\/v2\/media?parent=130"}],"curies":[{"name":"wp","href":"https:\/\/api.w.org\/{rel}","templated":true}]}}